*l + 13. Let k(x) = -5*x - 4. Let j be k(-2). What is the units digit of p(j)?
5
Let b(p) = 12*p + 3. Suppose k + 6 + 7 = 5*d, 0 = 2*d - 4*k - 16. What is the units digit of b(d)?
7
Suppose h - 2 = 0, -2*n + 2*h - h + 64 = 0. What is the tens digit of n?
3
Let t(y) = -y - 4. Let v be t(-6). Let s = -177 + 100. What is the units digit of v/11 - 833/s?
1
Suppose -25 = 5*w - 5. Let r(q) = q + 5. Let j be r(w). What is the units digit of 1 + (j - -2) + -2?
2
Suppose 39 + 11 = 5*c. Let y = c + -8. What is the units digit of y?
2
Let r(x) = -x + 7. What is the tens digit of r(-6)?
1
Suppose 4*d + 0*j - 5*j - 92 = 0, 0 = -5*d + 5*j + 110. What is the tens digit of d?
1
Let y be (-44)/(-12) + 2/(-3). Suppose -y*x + 64 = x. What is the tens digit of x?
1
Suppose -4*s + 52 = -2*v, 5*v - 7 = -27. Let o(l) be the third derivative of -l**4/24 + 2*l**3 + l**2. What is the units digit of o(s)?
1
Let r(n) = 17*n**2 - 3*n - 1. What is the units digit of r(-1)?
9
Let v = 11 + 45. Let q = v - 22. What is the units digit of q?
4
Let f be 6/(-10) + 28/5. Suppose 12 = p + f. What is the units digit of p?
7
Let s(d) = d**3 - d**2 + d + 29. What is the tens digit of s(0)?
2
Let d be (-524)/22 + 8/(-44). Let f = -11 - d. Let s = f - 10. What is the units digit of s?
3
Suppose -6*q + 60 = -2*q. Let i = 22 + -13. What is the units digit of 9*(-1 + q/i)?
6
Let q(n) = 5*n**3 + n**2 + 2*n - 4. Let s be q(-3). Let i be (-6)/(-15) - s/10. What is the units digit of 4/i + (-57)/(-21)?
3
Let u be (-2 + 0)/(-2) - -7. Suppose k - 24 = u. What is the units digit of k?
2
Let y(j) = -j + 5*j**2 + 3*j**3 + 4 - 4*j**3 + 3. Let u be y(5). Suppose 3*s = -5*l + 12, l = -2*s - u + 3. What is the units digit of l?
3
Suppose 0 = 4*d - f - 219 + 41, -3*d = f - 130. What is the units digit of d?
4
Let v = -65 + 254. What is the units digit of v?
9
Suppose -3*b = -z - 11, 3*b = -6*z + 2*z - 14. Let p = 0 + b. Suppose 2*o - l = -5*l - 10, p*l + 17 = 3*o. What is the units digit of o?
3
Suppose 3*r + 2*j - 153 = 0, 3*j + 89 = 2*r - 0*j. What is the tens digit of r?
4
Let v be (-22)/(-2) + -1*2. Let i(b) = -8*b**2 - 6*b**3 + v*b - 9 + 3 + 7*b**3. What is the units digit of i(7)?
8
Let q(s) = s**2 - 7*s + 9. Let t be (56/10)/(-4)*-5. Let z be q(t). Suppose 0 = l - 4*n + z, 4*n - 3*n - 9 = -2*l. What is the units digit of l?
3
Suppose 0 = -4*u + 3*k - 2*k + 13, -2 = -u - k. Suppose f = -2*f - 81. What is the units digit of 2*-1 - f/u?
7
What is the units digit of -1 - -2 - (0 + -68)?
9
Let x = 58 + -50. What is the units digit of x?
8
Let q(o) = o**2 - 3*o + 5. Let d = -9 - -14. Let n be q(d). What is the units digit of (-4 - n)*(2 - 3)?
9
Let d be (-3 - -3) + -2 - -5. Let p(t) = -t**3 + 2*t**2 + 4*t - 1. What is the units digit of p(d)?
2
Suppose -2*z + y + 0 + 9 = 0, -4*y = 2*z - 14. Suppose 13 = 3*x - z. What is the units digit of x?
6
Suppose 2*u = -2*q - 2*u + 74, -4*u + 20 = 0. What is the units digit of q?
7
Suppose -2*d = -2*t + 62, -3*t + 2*t + 36 = -2*d. What is the tens digit of t?
2
Let s = 4 - 3. Suppose 2*m = -4*o - s + 7, o - 5*m = 29. Let f(q) = 2*q**2 - 5*q. What is the tens digit of f(o)?
1
Let g = -13 + 4. What is the tens digit of (g/27)/((-1)/78)?
2
Let t(q) = -3*q**3 - q**2 + 2*q - 1. Let g be t(-2). Let v = g - 3. What is the units digit of v?
2
Let w = 9 + -10. Let q(h) = 3*h**2 - h - 1. What is the units digit of q(w)?
3
Let n(v) = v - 4. Let o be n(7). Suppose 3*z - 3 - o = 0. Let l(a) = 5*a**2 - a + 1. What is the tens digit of l(z)?
1
Suppose -2*l + 5*o = 3*l + 90, l + 3*o + 18 = 0. Let a be (-48)/l - 2/(-6). What is the units digit of (-10)/((3 + -9)/a)?
5
Suppose -620 = -5*m + 100. What is the hundreds digit of m?
1
Let w be ((-51)/(-6))/(2/(-12)). Let c = -27 - w. What is the tens digit of c?
2
Let g(z) be the third derivative of 3*z**2 + 0*z**3 + 7/60*z**6 + 0*z - 1/24*z**4 + 0*z**5 + 0. What is the tens digit of g(1)?
1
Let d(s) = 2*s**2 - 4. Suppose -o + 17 = 5*t, -2*t = -o - 0*o - 11. What is the tens digit of d(o)?
1
Let l(o) = o**2 + 8*o - 8. Suppose 0 = -4*p - 7 - 37. What is the tens digit of l(p)?
2
What is the units digit of 481/2 + (-51)/34?
9
Let u(g) = g**3 + 3*g**2 + g - 2. Let t be u(-2). Suppose 5*m - 110 - 55 = t. What is the tens digit of m?
3
Let j = 8 + -11. Let u = 0 - j. What is the units digit of u?
3
Let s(z) = -z**2 - 13*z + 4. What is the units digit of s(-13)?
4
Suppose -3*h - 5*j + 55 = 0, 5*j + 107 - 22 = 4*h. Suppose 4*q = 52 + h. What is the units digit of q?
8
Let o(q) = q**2 - 5*q - 7. What is the tens digit of o(-3)?
1
Let q(i) = -i - 7. Let f be q(-5). Let d = 4 + f. What is the units digit of d?
2
Suppose -3*l - 4*n + 247 = 0, 0 = l + 3*n + n - 69. What is the tens digit of l?
8
Suppose -5 - 9 = -2*q. Let u = q - 4. What is the tens digit of ((-4)/u)/(10/(-105))?
1
Suppose 0*k = 5*k - 35. Let n = k - 7. Let j = n - -5. What is the units digit of j?
5
Suppose 3 = 2*v - 5. Let y = -2 + v. Suppose 24 = y*h - f, 3*h - 2*f = -2*h + 58. What is the tens digit of h?
1
What is the units digit of ((-66)/8)/((-1)/((-16)/(-3)))?
4
Let y(n) = 83*n**2. Let a be y(-1). Suppose -3*j + 149 = 4*v + 32, v - a = -2*j. What is the tens digit of j?
4
Let v(z) = z**2 + z + 5. Let a be v(-3). Let s(f) = -5*f**2 + 2*f + 1. Let b be s(-1). Let d = b + a. What is the units digit of d?
5
Suppose -g = s - 3 - 5, 0 = 4*s + 12. What is the tens digit of g?
1
Suppose 2*a + 10 = -t, -8 - 2 = 2*a + 3*t. Let b(j) = j**2 - 3*j + 1. Let z be b(3). What is the units digit of (11/(-5))/(z/a)?
1
Suppose i + 4*g + 17 = 0, g - 11 = -2*i + 2*g. Suppose 0 + 10 = 5*l, i*x - l - 46 = 0. What is the tens digit of x?
1
Let h be (-7)/(-4) - 3/(-12). Let t(z) = -4 + h + 0 - z + 3. What is the units digit of t(-4)?
5
Let t = 156 - 108. Suppose t = u - 0*u. Suppose 4*c = -4 + u. What is the units digit of c?
1
Suppose -5*b = -2*b - 48. What is the tens digit of b?
1
Suppose -2*p + 124 = 2*p. Let q = p - 17. Suppose 32 = 3*v - x, 0*v - v + 2*x = -q. What is the units digit of v?
0
Suppose 5*z - 80 - 60 = 0. What is the units digit of z?
8
Let f(n) = -2*n**3 - 7*n**2 + n + 2. What is the units digit of f(-5)?
2
Suppose 0 = x - 5*m - 52, 3*x - m = 2*m + 168. What is the units digit of x?
7
Let k = 2 - -2. Let t = k + 0. What is the units digit of t?
4
Suppose -3 = -0*s + 3*s. What is the units digit of 10 - s/((-1)/3)?
7
Suppose 5*a = -0*a + 200. What is the tens digit of a?
4
Suppose 6*g - 2*g = 444. What is the hundreds digit of g?
1
Suppose 0 = 2*m - 141 - 7. What is the tens digit of m?
7
What is the units digit of 1/(9/3)*12?
4
Let w be (-2 - -4 - 3) + -11. Let d = w + 6. What is the units digit of 5/(-1 - d/3)?
5
Let f = -62 - -124. Suppose f = 5*a - 63. Let l = a - 15. What is the tens digit of l?
1
Suppose 0*p = -10*p + 1120. What is the hundreds digit of p?
1
Let m(c) = -c**3 + 9*c**2 + 9*c + 14. Let s(d) = 6*d**2 - 3*d + 4. Let j be s(3). Let t be j/5 + (-4)/(-20). What is the units digit of m(t)?
4
Let k(r) = -r**3 - 7*r**2 - 8*r + 3. Suppose 4 = 2*y + 4*l, 2*y + 2*l = 7*y + 38. What is the units digit of k(y)?
5
Let o(i) = -i**3 + 5*i**2 + 3*i - 5. Let l be o(5). Let y be (6/(-5))/((-3)/l). Suppose -y*h + 0*h = -32. What is the units digit of h?
8
Let n = 0 + 34. What is the tens digit of n?
3
What is the units digit of (0 - 1)/(1/(-3))?
3
Let v(n) = -2 - 1 + n**2 - 2*n + 5 + 4*n. Let g be v(-2). Let r = 12 - g. What is the units digit of r?
0
Let j = 19 - -31. What is the tens digit of j?
5
Suppose 5*k - 4*c - 9 = -3, -5*k = 4*c - 14. What is the units digit of k?
2
Let l = 47 + 108. Suppose 3*y = -4*m + 79, 0 = 5*y - 0*y - 5*m - l. What is the units digit of y?
9
What is the tens digit of (-2 - (-24)/10) + 5464/40?
3
Suppose -7*n = 2*l - 3*n + 30, -2*l = -n + 5. Let q = 95 - l. Suppose 3*m + 37 - q = 0. What is the units digit of m?
1
Let y(b) = b**2 + 6*b - 12. What is the units digit of y(6)?
0
Suppose -492 = -6*v - 96. What is the tens digit of v?
6
Let y(u) = 3*u - 7. Let h be y(-5). What is the tens digit of h*(-1 + (-2)/(-4))?
1
Suppose 3*u + 5*c - 28 = 4*u, 16 = -2*u + 2*c. Let x(d) = -d**3 - 6*d**2 + 6*d + 4. Let h be x(-7). Let z = h - u. What is the tens digit of z?
1
Let t(x) = x**3 - 8*x**2 + 3*x + 4. Let q(a) = -a**3 + 9*a**2 - 2*a - 5. Let w(k) = 2*q(k